{"id":351,"date":"2026-01-07T22:31:52","date_gmt":"2026-01-07T21:31:52","guid":{"rendered":"https:\/\/ikaainnaa.pl\/?page_id=351"},"modified":"2026-01-15T16:02:32","modified_gmt":"2026-01-15T15:02:32","slug":"regulamin","status":"publish","type":"page","link":"https:\/\/ikaainnaa.pl\/?page_id=351","title":{"rendered":"Regulamin"},"content":{"rendered":"\t\t<div data-elementor-type=\"wp-page\" data-elementor-id=\"351\" class=\"elementor elementor-351\" data-elementor-post-type=\"page\">\n\t\t\t\t<div class=\"elementor-element elementor-element-63ea07b e-flex e-con-boxed e-con e-parent\" data-id=\"63ea07b\" data-element_type=\"container\">\n\t\t\t\t\t<div class=\"e-con-inner\">\n\t\t\t\t<div class=\"elementor-element elementor-element-3e39707 elementor-widget elementor-widget-text-editor\" data-id=\"3e39707\" data-element_type=\"widget\" data-widget_type=\"text-editor.default\">\n\t\t\t\t<div class=\"elementor-widget-container\">\n\t\t\t\t\t\t\t\t\t<h1 data-start=\"188\" data-end=\"241\">**<\/h1><h1 data-start=\"390\" data-end=\"441\">REGULAMIN \u015aWIADCZENIA US\u0141UG DROG\u0104 ELEKTRONICZN\u0104<\/h1><h2 data-start=\"442\" data-end=\"476\">ORAZ SPRZEDA\u017bY TRE\u015aCI CYFROWYCH<\/h2><hr data-start=\"478\" data-end=\"481\" \/><h2 data-start=\"483\" data-end=\"510\">\u00a71. Postanowienia og\u00f3lne<\/h2><ol data-start=\"512\" data-end=\"733\"><li data-start=\"512\" data-end=\"688\"><p data-start=\"515\" data-end=\"688\">Niniejszy Regulamin okre\u015bla zasady korzystania ze strony internetowej, sk\u0142adania zam\u00f3wie\u0144 oraz sprzeda\u017cy tre\u015bci cyfrowych oferowanych za po\u015brednictwem serwisu internetowego.<\/p><\/li><li data-start=\"689\" data-end=\"733\"><p data-start=\"692\" data-end=\"733\">Sprzedawc\u0105 i w\u0142a\u015bcicielem serwisu jest:<\/p><\/li><\/ol><p data-start=\"735\" data-end=\"1235\"><strong data-start=\"735\" data-end=\"757\">Justyna Brzezi\u0144ska<\/strong><br data-start=\"757\" data-end=\"760\" \/>prowadz\u0105ca dzia\u0142alno\u015b\u0107 gospodarcz\u0105 pod firm\u0105:<br data-start=\"805\" data-end=\"808\" \/><strong data-start=\"808\" data-end=\"830\">Justyna Brzezi\u0144ska<\/strong><br data-start=\"830\" data-end=\"833\" \/>adres siedziby: Traugutta 51, 98-300 Wielu\u0144<br data-start=\"888\" data-end=\"891\" \/>NIP: 8322094815<br data-start=\"926\" data-end=\"929\" \/>adres e-mail: <strong data-start=\"943\" data-end=\"966\"><a class=\"decorated-link cursor-pointer\" rel=\"noopener\" data-start=\"945\" data-end=\"964\">ikaainnaa@gmail.com<\/a><\/strong><br data-start=\"966\" data-end=\"969\" \/><br \/>3. Regulamin jest dost\u0119pny nieodp\u0142atnie na stronie internetowej Sprzedawcy w spos\u00f3b umo\u017cliwiaj\u0105cy jego pozyskanie, odtwarzanie i utrwalanie.<br \/>4. Warunkiem z\u0142o\u017cenia zam\u00f3wienia jest zapoznanie si\u0119 z Regulaminem oraz jego akceptacja.<\/p><hr data-start=\"1237\" data-end=\"1240\" \/><h2 data-start=\"1242\" data-end=\"1258\">\u00a72. Definicje<\/h2><ol data-start=\"1260\" data-end=\"1602\"><li data-start=\"1260\" data-end=\"1299\"><p data-start=\"1263\" data-end=\"1299\"><strong data-start=\"1263\" data-end=\"1277\">Sprzedawca<\/strong> \u2013 Justyna Brzezi\u0144ska.<\/p><\/li><li data-start=\"1300\" data-end=\"1371\"><p data-start=\"1303\" data-end=\"1371\"><strong data-start=\"1303\" data-end=\"1313\">Klient<\/strong> \u2013 osoba fizyczna, kt\u00f3ra dokonuje zakupu tre\u015bci cyfrowych.<\/p><\/li><li data-start=\"1372\" data-end=\"1460\"><p data-start=\"1375\" data-end=\"1460\"><strong data-start=\"1375\" data-end=\"1386\">Produkt<\/strong> \u2013 tre\u015b\u0107 cyfrowa (w szczeg\u00f3lno\u015bci e-book) dostarczana drog\u0105 elektroniczn\u0105.<\/p><\/li><li data-start=\"1461\" data-end=\"1561\"><p data-start=\"1464\" data-end=\"1561\"><strong data-start=\"1464\" data-end=\"1473\">Umowa<\/strong> \u2013 umowa sprzeda\u017cy tre\u015bci cyfrowych zawarta na odleg\u0142o\u015b\u0107 pomi\u0119dzy Sprzedawc\u0105 a Klientem.<\/p><\/li><li data-start=\"1562\" data-end=\"1602\"><p data-start=\"1565\" data-end=\"1602\"><strong data-start=\"1565\" data-end=\"1587\">Operator p\u0142atno\u015bci<\/strong> \u2013 Autopay S.A.<\/p><\/li><\/ol><hr data-start=\"1604\" data-end=\"1607\" \/><h2 data-start=\"1609\" data-end=\"1628\">\u00a73. Zakres us\u0142ug<\/h2><ol data-start=\"1630\" data-end=\"1853\"><li data-start=\"1630\" data-end=\"1698\"><p data-start=\"1633\" data-end=\"1698\">Sprzedawca prowadzi sprzeda\u017c tre\u015bci cyfrowych.<\/p><\/li><li data-start=\"1699\" data-end=\"1785\"><p data-start=\"1702\" data-end=\"1785\">Produkty nie maj\u0105 formy materialnej i s\u0105 dostarczane wy\u0142\u0105cznie drog\u0105 elektroniczn\u0105.<\/p><\/li><li data-start=\"1786\" data-end=\"1853\"><p data-start=\"1789\" data-end=\"1853\">Produkty przeznaczone s\u0105 wy\u0142\u0105cznie do u\u017cytku osobistego Klienta.<\/p><\/li><\/ol><hr data-start=\"1855\" data-end=\"1858\" \/><h2 data-start=\"1860\" data-end=\"1885\">\u00a74. Sk\u0142adanie zam\u00f3wie\u0144<\/h2><ol data-start=\"1887\" data-end=\"2148\"><li data-start=\"1887\" data-end=\"1961\"><p data-start=\"1890\" data-end=\"1961\">Zam\u00f3wienia sk\u0142adane s\u0105 za po\u015brednictwem strony internetowej Sprzedawcy.<\/p><\/li><li data-start=\"1962\" data-end=\"2088\"><p data-start=\"1965\" data-end=\"2000\">Warunkiem z\u0142o\u017cenia zam\u00f3wienia jest:<\/p><ul data-start=\"2004\" data-end=\"2088\"><li data-start=\"2004\" data-end=\"2034\"><p data-start=\"2006\" data-end=\"2034\">podanie prawid\u0142owych danych,<\/p><\/li><li data-start=\"2038\" data-end=\"2062\"><p data-start=\"2040\" data-end=\"2062\">akceptacja Regulaminu,<\/p><\/li><li data-start=\"2066\" data-end=\"2088\"><p data-start=\"2068\" data-end=\"2088\">dokonanie p\u0142atno\u015bci.<\/p><\/li><\/ul><\/li><li data-start=\"2089\" data-end=\"2148\"><p data-start=\"2092\" data-end=\"2148\">Z\u0142o\u017cenie zam\u00f3wienia jest r\u00f3wnoznaczne z zawarciem Umowy.<\/p><\/li><\/ol><hr data-start=\"2150\" data-end=\"2153\" \/><h2 data-start=\"2155\" data-end=\"2178\">\u00a75. Ceny i p\u0142atno\u015bci<\/h2><ol data-start=\"2180\" data-end=\"3034\"><li data-start=\"2180\" data-end=\"2284\"><p data-start=\"2183\" data-end=\"2284\">Ceny Produkt\u00f3w podawane s\u0105 w z\u0142otych polskich (PLN) i s\u0105 cenami brutto (zawieraj\u0105 wszystkie podatki).<\/p><\/li><li data-start=\"2285\" data-end=\"2356\"><p data-start=\"2288\" data-end=\"2356\">Podmiotem \u015bwiadcz\u0105cym obs\u0142ug\u0119 p\u0142atno\u015bci online jest <strong data-start=\"2340\" data-end=\"2356\">Autopay S.A.<\/strong><\/p><\/li><li data-start=\"2357\" data-end=\"2554\"><p data-start=\"2360\" data-end=\"2385\">Dost\u0119pne formy p\u0142atno\u015bci:<\/p><ul data-start=\"2389\" data-end=\"2554\"><li data-start=\"2389\" data-end=\"2429\"><p data-start=\"2391\" data-end=\"2429\">szybkie przelewy online (pay by link),<\/p><\/li><li data-start=\"2433\" data-end=\"2554\"><p data-start=\"2435\" data-end=\"2451\">karty p\u0142atnicze:<\/p><ul data-start=\"2457\" data-end=\"2554\"><li data-start=\"2457\" data-end=\"2465\"><p data-start=\"2459\" data-end=\"2465\">Visa<\/p><\/li><li data-start=\"2471\" data-end=\"2488\"><p data-start=\"2473\" data-end=\"2488\">Visa Electron<\/p><\/li><li data-start=\"2494\" data-end=\"2508\"><p data-start=\"2496\" data-end=\"2508\">Mastercard<\/p><\/li><li data-start=\"2514\" data-end=\"2539\"><p data-start=\"2516\" data-end=\"2539\">MasterCard Electronic<\/p><\/li><li data-start=\"2545\" data-end=\"2554\"><p data-start=\"2547\" data-end=\"2554\">Maestro<\/p><\/li><\/ul><\/li><\/ul><\/li><li data-start=\"2555\" data-end=\"2635\"><p data-start=\"2558\" data-end=\"2635\">Dane kart p\u0142atniczych nie s\u0105 przechowywane ani przetwarzane przez Sprzedawc\u0119.<\/p><\/li><li data-start=\"2636\" data-end=\"2754\"><p data-start=\"2639\" data-end=\"2754\">Przetwarzanie danych kart p\u0142atniczych odbywa si\u0119 wy\u0142\u0105cznie przez operatora p\u0142atno\u015bci zgodnie ze standardem PCI DSS.<\/p><\/li><li data-start=\"2755\" data-end=\"2936\"><p data-start=\"2758\" data-end=\"2936\">W przypadku wyst\u0105pienia konieczno\u015bci zwrotu \u015brodk\u00f3w za transakcj\u0119 dokonan\u0105 kart\u0105 p\u0142atnicz\u0105, Sprzedawca dokonuje zwrotu na rachunek bankowy przypisany do karty p\u0142atniczej Klienta.<\/p><\/li><li data-start=\"2937\" data-end=\"3034\"><p data-start=\"2940\" data-end=\"3034\">Czas realizacji zam\u00f3wienia liczony jest od momentu uzyskania pozytywnej autoryzacji p\u0142atno\u015bci.<\/p><\/li><\/ol><hr data-start=\"3036\" data-end=\"3039\" \/><h2 data-start=\"3041\" data-end=\"3069\">\u00a76. Dostarczenie Produktu<\/h2><ol data-start=\"3071\" data-end=\"3329\"><li data-start=\"3071\" data-end=\"3185\"><p data-start=\"3074\" data-end=\"3185\">Produkt dostarczany jest drog\u0105 elektroniczn\u0105 na adres e-mail podany przez Klienta lub poprzez link do pobrania.<\/p><\/li><li data-start=\"3186\" data-end=\"3257\"><p data-start=\"3189\" data-end=\"3257\">Dostarczenie Produktu nast\u0119puje niezw\u0142ocznie po dokonaniu p\u0142atno\u015bci.<\/p><\/li><li data-start=\"3258\" data-end=\"3329\"><p data-start=\"3261\" data-end=\"3329\">Klient zobowi\u0105zany jest do podania prawid\u0142owych danych kontaktowych.<\/p><\/li><\/ol><hr data-start=\"3331\" data-end=\"3334\" \/><h2 data-start=\"3336\" data-end=\"3369\">\u00a77. Prawo odst\u0105pienia od umowy<\/h2><ol data-start=\"3371\" data-end=\"3844\"><li data-start=\"3371\" data-end=\"3485\"><p data-start=\"3374\" data-end=\"3485\">Konsument, kt\u00f3ry zawar\u0142 umow\u0119 na odleg\u0142o\u015b\u0107, ma prawo odst\u0105pi\u0107 od niej w terminie 14 dni od dnia zawarcia umowy.<\/p><\/li><li data-start=\"3486\" data-end=\"3688\"><p data-start=\"3489\" data-end=\"3688\">Zgodnie z art. 38 pkt 13 ustawy o prawach konsumenta, prawo odst\u0105pienia nie przys\u0142uguje, je\u017celi spe\u0142nianie \u015bwiadczenia rozpocz\u0119\u0142o si\u0119 za wyra\u017an\u0105 zgod\u0105 Konsumenta przed up\u0142ywem terminu do odst\u0105pienia.<\/p><\/li><li data-start=\"3689\" data-end=\"3844\"><p data-start=\"3692\" data-end=\"3844\">Akceptuj\u0105c Regulamin, Klient wyra\u017ca zgod\u0119 na natychmiastowe dostarczenie tre\u015bci cyfrowej oraz przyjmuje do wiadomo\u015bci utrat\u0119 prawa odst\u0105pienia od umowy.<\/p><\/li><\/ol><hr data-start=\"3846\" data-end=\"3849\" \/><h2 data-start=\"3851\" data-end=\"3868\">\u00a78. Reklamacje<\/h2><ol data-start=\"3870\" data-end=\"4303\"><li data-start=\"3870\" data-end=\"3954\"><p data-start=\"3873\" data-end=\"3954\">Klient ma prawo do z\u0142o\u017cenia reklamacji w przypadku niezgodno\u015bci Produktu z Umow\u0105.<\/p><\/li><li data-start=\"3955\" data-end=\"4038\"><p data-start=\"3958\" data-end=\"4038\">Reklamacje nale\u017cy zg\u0142asza\u0107 drog\u0105 elektroniczn\u0105 na adres: <strong data-start=\"4015\" data-end=\"4038\"><a class=\"decorated-link cursor-pointer\" rel=\"noopener\" data-start=\"4017\" data-end=\"4036\">ikaainnaa@gmail.com<\/a><\/strong><\/p><\/li><li data-start=\"4039\" data-end=\"4113\"><p data-start=\"4042\" data-end=\"4113\">Reklamacje rozpatrywane s\u0105 w terminie do 14 dni od dnia ich otrzymania.<\/p><\/li><li data-start=\"4114\" data-end=\"4188\"><p data-start=\"4117\" data-end=\"4188\">Reklamacja nie obejmuje subiektywnego niezadowolenia z tre\u015bci Produktu.<\/p><\/li><li data-start=\"4189\" data-end=\"4303\"><p data-start=\"4192\" data-end=\"4303\">Reklamacje dotycz\u0105ce realizacji p\u0142atno\u015bci kart\u0105 mog\u0105 by\u0107 zg\u0142aszane r\u00f3wnie\u017c bezpo\u015brednio do operatora p\u0142atno\u015bci.<\/p><\/li><\/ol><hr data-start=\"4305\" data-end=\"4308\" \/><h2 data-start=\"4310\" data-end=\"4332\">\u00a79. Prawa autorskie<\/h2><ol data-start=\"4334\" data-end=\"4552\"><li data-start=\"4334\" data-end=\"4389\"><p data-start=\"4337\" data-end=\"4389\">Wszystkie Produkty obj\u0119te s\u0105 ochron\u0105 prawnoautorsk\u0105.<\/p><\/li><li data-start=\"4390\" data-end=\"4462\"><p data-start=\"4393\" data-end=\"4462\">Zakup Produktu nie oznacza przeniesienia autorskich praw maj\u0105tkowych.<\/p><\/li><li data-start=\"4463\" data-end=\"4552\"><p data-start=\"4466\" data-end=\"4552\">Zabronione jest kopiowanie, rozpowszechnianie i udost\u0119pnianie Produktu osobom trzecim.<\/p><\/li><\/ol><hr data-start=\"4554\" data-end=\"4557\" \/><h2 data-start=\"4559\" data-end=\"4586\">\u00a710. Dane osobowe (RODO)<\/h2><ol data-start=\"4588\" data-end=\"4940\"><li data-start=\"4588\" data-end=\"4649\"><p data-start=\"4591\" data-end=\"4649\">Administratorem danych osobowych Klient\u00f3w jest Sprzedawca.<\/p><\/li><li data-start=\"4650\" data-end=\"4823\"><p data-start=\"4653\" data-end=\"4689\">Dane osobowe przetwarzane s\u0105 w celu:<\/p><ul data-start=\"4693\" data-end=\"4823\"><li data-start=\"4693\" data-end=\"4715\"><p data-start=\"4695\" data-end=\"4715\">realizacji zam\u00f3wie\u0144,<\/p><\/li><li data-start=\"4719\" data-end=\"4739\"><p data-start=\"4721\" data-end=\"4739\">obs\u0142ugi p\u0142atno\u015bci,<\/p><\/li><li data-start=\"4743\" data-end=\"4823\"><p data-start=\"4745\" data-end=\"4823\">realizacji obowi\u0105zk\u00f3w prawnych,<br \/>na podstawie art. 6 ust. 1 lit. b i c RODO.<\/p><\/li><\/ul><\/li><li data-start=\"4824\" data-end=\"4940\"><p data-start=\"4827\" data-end=\"4940\">Szczeg\u00f3\u0142owe zasady przetwarzania danych okre\u015bla Polityka Prywatno\u015bci dost\u0119pna na stronie internetowej Sprzedawcy.<\/p><\/li><\/ol><hr data-start=\"4942\" data-end=\"4945\" \/><h2 data-start=\"4947\" data-end=\"4975\">\u00a711. Polityka prywatno\u015bci<\/h2><p data-start=\"4977\" data-end=\"5067\">Polityka prywatno\u015bci stanowi odr\u0119bny dokument dost\u0119pny na stronie internetowej Sprzedawcy.<\/p><hr data-start=\"5069\" data-end=\"5072\" \/><h2 data-start=\"5074\" data-end=\"5089\">\u00a712. Dostawa<\/h2><ol data-start=\"5091\" data-end=\"5226\"><li data-start=\"5091\" data-end=\"5144\"><p data-start=\"5094\" data-end=\"5144\">Produkty cyfrowe nie podlegaj\u0105 dostawie fizycznej.<\/p><\/li><li data-start=\"5145\" data-end=\"5226\"><p data-start=\"5148\" data-end=\"5226\">Sprzedawca nie stosuje ogranicze\u0144 terytorialnych w sprzeda\u017cy tre\u015bci cyfrowych.<\/p><\/li><\/ol><hr data-start=\"5228\" data-end=\"5231\" \/><h2 data-start=\"5233\" data-end=\"5262\">\u00a713. Akceptacja regulaminu<\/h2><p data-start=\"5264\" data-end=\"5364\">Z\u0142o\u017cenie zam\u00f3wienia jest r\u00f3wnoznaczne z akceptacj\u0105 regulaminu.<\/p><hr data-start=\"5366\" data-end=\"5369\" \/><h2 data-start=\"5371\" data-end=\"5400\">\u00a714. Postanowienia ko\u0144cowe<\/h2><ol data-start=\"5402\" data-end=\"5602\"><li data-start=\"5402\" data-end=\"5469\"><p data-start=\"5405\" data-end=\"5469\">Regulamin obowi\u0105zuje od dnia publikacji na stronie internetowej.<\/p><\/li><li data-start=\"5470\" data-end=\"5527\"><p data-start=\"5473\" data-end=\"5527\">Sprzedawca zastrzega sobie prawo do zmiany Regulaminu.<\/p><\/li><li data-start=\"5528\" data-end=\"5602\"><p data-start=\"5531\" data-end=\"5602\">W sprawach nieuregulowanych zastosowanie maj\u0105 przepisy prawa polskiego.<\/p><\/li><\/ol>\t\t\t\t\t\t\t\t<\/div>\n\t\t\t\t<\/div>\n\t\t\t\t\t<\/div>\n\t\t\t\t<\/div>\n\t\t<div class=\"elementor-element elementor-element-cd58b3e e-grid e-con-boxed e-con e-parent\" data-id=\"cd58b3e\" data-element_type=\"container\">\n\t\t\t\t\t<div class=\"e-con-inner\">\n\t\t\t\t<div class=\"elementor-element elementor-element-45ad491 elementor-widget elementor-widget-image\" data-id=\"45ad491\" data-element_type=\"widget\" data-widget_type=\"image.default\">\n\t\t\t\t<div class=\"elementor-widget-container\">\n\t\t\t\t\t\t\t\t\t\t\t\t\t\t\t<img fetchpriority=\"high\" decoding=\"async\" width=\"300\" height=\"203\" src=\"https:\/\/ikaainnaa.pl\/wp-content\/uploads\/2026\/01\/300x203-a-bank-bw.png\" class=\"attachment-large size-large wp-image-498\" alt=\"\" \/>\t\t\t\t\t\t\t\t\t\t\t\t\t\t\t<\/div>\n\t\t\t\t<\/div>\n\t\t\t\t<div class=\"elementor-element elementor-element-405d305 elementor-widget elementor-widget-image\" data-id=\"405d305\" data-element_type=\"widget\" data-widget_type=\"image.default\">\n\t\t\t\t<div class=\"elementor-widget-container\">\n\t\t\t\t\t\t\t\t\t\t\t\t\t\t\t<img decoding=\"async\" width=\"300\" height=\"150\" src=\"https:\/\/ikaainnaa.pl\/wp-content\/uploads\/2026\/01\/300x150-a-pay-bw.png\" class=\"attachment-large size-large wp-image-499\" alt=\"\" \/>\t\t\t\t\t\t\t\t\t\t\t\t\t\t\t<\/div>\n\t\t\t\t<\/div>\n\t\t\t\t\t<\/div>\n\t\t\t\t<\/div>\n\t\t\t\t<\/div>\n\t\t","protected":false},"excerpt":{"rendered":"<p>** REGULAMIN \u015aWIADCZENIA US\u0141UG DROG\u0104 ELEKTRONICZN\u0104 ORAZ SPRZEDA\u017bY TRE\u015aCI CYFROWYCH \u00a71. Postanowienia og\u00f3lne Niniejszy Regulamin okre\u015bla zasady korzystania ze strony internetowej, sk\u0142adania zam\u00f3wie\u0144 oraz sprzeda\u017cy tre\u015bci cyfrowych oferowanych za po\u015brednictwem serwisu internetowego. Sprzedawc\u0105 i w\u0142a\u015bcicielem serwisu jest: Justyna Brzezi\u0144skaprowadz\u0105ca dzia\u0142alno\u015b\u0107 gospodarcz\u0105 pod firm\u0105:Justyna Brzezi\u0144skaadres siedziby: Traugutta 51, 98-300 Wielu\u0144NIP: 8322094815adres e-mail: ikaainnaa@gmail.com3. Regulamin jest dost\u0119pny [&hellip;]<\/p>\n","protected":false},"author":1,"featured_media":0,"parent":0,"menu_order":0,"comment_status":"closed","ping_status":"closed","template":"","meta":{"footnotes":""},"class_list":["post-351","page","type-page","status-publish","hentry"],"jetpack_sharing_enabled":true,"_links":{"self":[{"href":"https:\/\/ikaainnaa.pl\/index.php?rest_route=\/wp\/v2\/pages\/351","targetHints":{"allow":["GET"]}}],"collection":[{"href":"https:\/\/ikaainnaa.pl\/index.php?rest_route=\/wp\/v2\/pages"}],"about":[{"href":"https:\/\/ikaainnaa.pl\/index.php?rest_route=\/wp\/v2\/types\/page"}],"author":[{"embeddable":true,"href":"https:\/\/ikaainnaa.pl\/index.php?rest_route=\/wp\/v2\/users\/1"}],"replies":[{"embeddable":true,"href":"https:\/\/ikaainnaa.pl\/index.php?rest_route=%2Fwp%2Fv2%2Fcomments&post=351"}],"version-history":[{"count":10,"href":"https:\/\/ikaainnaa.pl\/index.php?rest_route=\/wp\/v2\/pages\/351\/revisions"}],"predecessor-version":[{"id":502,"href":"https:\/\/ikaainnaa.pl\/index.php?rest_route=\/wp\/v2\/pages\/351\/revisions\/502"}],"wp:attachment":[{"href":"https:\/\/ikaainnaa.pl\/index.php?rest_route=%2Fwp%2Fv2%2Fmedia&parent=351"}],"curies":[{"name":"wp","href":"https:\/\/api.w.org\/{rel}","templated":true}]}}